2 = -4*n, -n + o + w = -o. What are the prime factors of n?
2, 13
Suppose 4*k + 2 = 46. Suppose 2*q + 5 = k. Let r(g) = g**3 - 4*g + 1. What are the prime factors of r(q)?
2
Suppose 0*a - a = -3*x - 1108, -4*x = a - 1087. List the prime factors of a.
7, 157
List the prime factors of ((-42)/21)/((-1)/44).
2, 11
Let s be 312/3 + 1 + 4. Let j = s + -7. List the prime factors of j.
2, 3, 17
Let y = 551 + 126. List the prime factors of y.
677
Suppose 6 = 8*w - 6*w. List the prime factors of 3 + (19 - -1) + w.
2, 13
Suppose -4*z + z = -21. Suppose -z*v + 5*d - 290 = -2*v, 0 = 3*v + 2*d + 199. What are the prime factors of (1 - v)/2 + 4?
2, 3
Suppose 6*i = 9*i - 1515. List the prime factors of i.
5, 101
Let c be (-11)/3 + (-2)/6. Let o be (8/(-4))/(c/10). Suppose -y + o + 1 = 0. What are the prime factors of y?
2, 3
Let g be 2*1/((-2)/(-3)). Suppose -17 - g = -4*j. Suppose 3*h + 6 = 0, 3*h - 20 = -j*d - 1. What are the prime factors of d?
5
Let q(j) = j**2 + 10*j + 7. Suppose i - 4*p = -2 + 12, -4*i = 4*p - 40. Let y(m) = -m**3 + 10*m**2 - 10. Let w be y(i). List the prime factors of q(w).
7
Suppose 387 + 11 = 2*r - 2*u, 4*r = -4*u + 836. Suppose -k = 21 - r. What are the prime factors of k?
3, 61
Let a = -495 + 725. List the prime factors of a.
2, 5, 23
Suppose 0 = -6*t + t + 3*n + 10, -3*t = -3*n - 6. Suppose -2*c - 5*k - 160 = t*c, 5*c = 4*k - 200. Let i = 77 + c. What are the prime factors of i?
37
Suppose 854 = 7*z + 175. Suppose o + 29 = z. Suppose 5*h - h - 4*j = o, j - 39 = -3*h. List the prime factors of h.
2, 7
Let j be (5 - 4)*(9 - 2). Suppose 0 = -4*c + 22 - 6. What are the prime factors of c + j/((-7)/(-2))?
2, 3
Suppose -5*n + 4*z + 144 + 31 = 0, n + 2*z - 49 = 0. Let h be n + 6 + -3 - 2. Let g = h - 26. List the prime factors of g.
2, 7
Suppose -4*d + 4*x + 20 = 0, d - 6*x = -2*x + 5. Suppose 155 + 230 = 5*o + 5*q, -d*q = -5. What are the prime factors of o?
2, 19
Let w(d) = -d**2 + 7*d + 22. Let h be w(9). Suppose -4*s - 19 = 3*g - 63, -5*s - 100 = -h*g. What are the prime factors of g?
2, 5
Suppose -3*c + 21*c - 11916 = 0. What are the prime factors of c?
2, 331
Let u = 3 - 1. Let r(m) = -3*m**2 - 3*m**u - 1 + 7*m**2 - 5*m. List the prime factors of r(-5).
7
Let a(z) = 53*z + 1. Suppose -3*o - 1 = 3*u + 11, -2*u = -o - 7. List the prime factors of a(u).
2, 3
Let g = 8 + -4. Suppose 0 = 5*c - 3*c - g. Suppose 2*o - 6 = 4*p - 7*p, p - c = -2*o. List the prime factors of p.
2
Let b(s) = s**2 - 9*s + 5. Let d be b(5). Let n = -11 - d. Suppose 0 = -n*z - i + 79, 2 = -i + 1. List the prime factors of z.
2, 5
Suppose -42*j = -45*j + 18. What are the prime factors of 3/4 - j/(-8)*63?
2, 3
Let c(g) = 2*g**2 - 7*g + 4. Suppose -1 = 3*u - 4*m - 8, 4*u - 5 = m. Let a be (-2)/(-2) + 2 + u. List the prime factors of c(a).
2
Let x be 607 + (-4)/((-4)/5). What are the prime factors of (-5)/25 + 0 + x/10?
61
Let w(b) = -b**2 + 2*b - 4. Let q be w(5). Let l = q + 33. What are the prime factors of (-134)/(-4) - (-21)/l?
5, 7
Suppose 0*k - 2*k = -10. Let q(h) = -h + 31. Let u be q(11). Suppose 4*a + u = k*a. What are the prime factors of a?
2, 5
Let y be (5 + -3)/((-6)/15). List the prime factors of (y - -3) + (-312)/(-2).
2, 7, 11
Suppose 0 = -10*u + 14*u - 5*t - 8021, 0 = -2*t + 6. List the prime factors of u.
7, 41
Suppose -4*w + 28 = 2*i, w + 0*i = -4*i + 21. Suppose f + w*v - 8 = -24, 28 = 3*f - 4*v. List the prime factors of ((-55)/10)/((-1)/f).
2, 11
Suppose 45*y = -7*y + 261924. List the prime factors of y.
3, 23, 73
Let l(n) = -4*n**3 - 10*n**2 - 13*n - 12. What are the prime factors of l(-6)?
2, 3, 5, 19
List the prime factors of ((-27)/(-2) - -2)/((-2)/(-24)).
2, 3, 31
Let i be 1/((-3)/(-6)) - -43. Suppose 2*v = -3*u - 2*v + 44, 3*u = -3*v + i. Let b = u - 10. List the prime factors of b.
2, 3
Suppose 24277 = k + 4*k + 4*b, 2*k - 3*b - 9697 = 0. List the prime factors of k.
23, 211
Let v be ((-21)/(-7) - 2) + (0 - -48). Let s = v + -19. List the prime factors of s.
2, 3, 5
Let f = 36 - 30. List the prime factors of 38/4 - (-15)/f.
2, 3
Suppose -104 = -7*n + 274. What are the prime factors of n?
2, 3
Let s(a) = -a**2 + 6*a - 3. Let v be s(5). Let o(z) = -v*z + 3 + 0*z + 0. What are the prime factors of o(0)?
3
Let u be (-12)/(-21) + (-11)/(462/(-144)). Let f = 2 - -1. Suppose 28 = h - f*p, u*h + 0*h - 172 = -3*p. List the prime factors of h.
2, 5
Let d(a) = a**3 - 6*a**2 - 8*a + 10. Let v be d(7). Suppose -4*k = 3*r - 14, r + 6 = v*k + 2. Suppose -k*o - 58 = -4*o. List the prime factors of o.
29
Suppose -5*a - 495 = -1330. Let i = a + -119. What are the prime factors of i?
2, 3
Suppose 40250 = -175*v + 200*v. What are the prime factors of v?
2, 5, 7, 23
Let n(o) = 2*o**3 + 22*o**2 - 9*o - 33. What are the prime factors of n(-10)?
257
Let n = -5 - -8. Let o(j) = -2*j + 0*j + 0*j + n. List the prime factors of o(-4).
11
Let o = -547 + 1111. List the prime factors of o.
2, 3, 47
Suppose -3*i - 9 = 0, 3*f + 6*i = i + 783. Suppose f = 2*h - 66. What are the prime factors of h?
2, 83
What are the prime factors of (((-28)/49)/(-1))/(4/7518)?
2, 3, 179
Suppose 6*f - y = 5*f + 4, 2*y + 20 = 4*f. List the prime factors of (-12)/(-5) - f*(-3)/(-45).
2
Let f be 4*-1*(-4)/8. Suppose 4*z - 5*b = f*z - 11, -9 = -3*z - b. Suppose 4*n + a = 3*a + 174, 5*n - z*a - 220 = 0. What are the prime factors of n?
2, 23
Let i(b) = 2*b**2 + 33*b - 111. What are the prime factors of i(-22)?
131
Let b(i) = 4*i**2 - 44*i + 15. Let l be b(13). Let w = 334 - l. What are the prime factors of w?
5, 43
Let m = -33 + 131. What are the prime factors of m?
2, 7
Let c(h) = h**2 + h - 2. Let t be c(2). Suppose u + 3*y + 12 = 137, -3*u - t*y = -360. What are the prime factors of u?
2, 29
Suppose 4*n - 5*b - 119 = 0, 2*b = -3*b + 5. List the prime factors of n.
31
Let i = 60 - 58. Suppose i*t = u + 128 + 211, 3*t = -3*u + 495. List the prime factors of t.
2, 3, 7
Suppose -3*s = -0*s - 15. Suppose s*y = -5*z + 15, -4 = 4*y + 8. What are the prime factors of -1 - 16/(2 - z)?
3
Let y = 139 - 84. Let d = -36 + y. Let q = d - -15. What are the prime factors of q?
2, 17
Suppose -3*w - 230 = 106. Let z be (-4)/(-18) + w/18. List the prime factors of ((-76)/z)/(10/15).
19
Let z = 1621 - 820. List the prime factors of z.
3, 89
Let n(a) = -a + 1 - a**2 - 9 + 0*a. Let o be n(-8). Let w = -9 - o. List the prime factors of w.
5, 11
Suppose 32*w - 15504 = 24*w. List the prime factors of w.
2, 3, 17, 19
Let p(v) = -33*v**3 + 2*v**2 + 2*v. Let z be p(-1). Let y = 5 + z. What are the prime factors of y?
2, 19
Let x(u) = -6*u + 32 + 20*u**2 - 2*u**2 - 11 - 15. List the prime factors of x(2).
2, 3, 11
Let z(p) = -5*p**3 + 8*p**2 + 3. Let j(a) = 4*a**3 - 8*a**2 - 2. Let n(h) = -6*j(h) - 5*z(h). List the prime factors of n(-6).
3, 23
Suppose -215490 = -116*k + 82050. What are the prime factors of k?
3, 5, 19
Let c(m) = 2*m**2 + 7*m - 1. Let r(f) = -2*f**2 - 6*f. Let z(g) = 7*c(g) + 6*r(g). List the prime factors of z(5).
2, 3
Suppose d + 82 = -390. Let q = -336 - d. List the prime factors of q.
2, 17
What are the prime factors of (-3542)/(-22)*7/1?
7, 23
What are the prime factors of ((6 + -1)/(38/11894))/1?
5, 313
Let t(z) = -2*z**2 + 10*z - 4. Let l be t(4). Let j be (-3 - (-68)/l)*2. Suppose -2*r = -0*r - j. What are the prime factors of r?
2, 7
Let w be (3 - (7 - 0)) + -6. Let r = w + 21. What are the prime factors of r?
11
Suppose 0*n - 2*y + 66 = -4*n, 0 = -n - 5*y - 33. Let l = -46 + 11. Let c = n - l. List the prime factors of c.
17
Let n = -29 - -45. List the prime factors of 1*(-15)/(-3)*n.
2, 5
Let y be 108/14 - (-2)/7. Let j be 17/(-2) + (-1)/(-2). List the prime factors of 2/j + 162/y.
2, 5
Let g be ((-12)/(-15))/((-2)/10). Let r(q) = -3*q + 4. Let a be r(-2). Let p = a - g. What are the prime factors of p?
2, 7
Suppose -d - 3 = d - 3*p, 0 = 2*d - p - 7. Let g be (3/d)/((-2)/(-8)). Suppose -8 = -z + h, 0 = -g*z + 4*h - 2 + 8. List the prime factors of z.
13
Let w(q) = -q**2 - 7*q - 1. Let m be w(-7). Let d be (-20)/4 - m - -6. Suppose -d*s + 74 = h, -4*s - 7*h + 152 = -3*h. What are the prime factors of s?
2, 3
Suppose w + 0*w - 39 = 0. List the prime factors of w.
3, 13
Let j be 3/(-9) + 1500/18. Suppose n - 5*b = 168, 4*n - 605 = 4*b + j. List the prime factors of n.
173
Let f(g) = 7*g 